5826?
5
What is the tens digit of 203782?
8
What is the thousands digit of 204384?
4
What is the thousands digit of 1721995?
1
What is the units digit of 142045?
5
What is the units digit of 1111797?
7
What is the hundred thousands digit of 14999153?
9
What is the tens digit of 2621490?
9
What is the hundred thousands digit of 1283816?
2
What is the hundreds digit of 3637503?
5
What is the thousands digit of 141749?
1
What is the hundreds digit of 1578442?
4
What is the thousands digit of 537189?
7
What is the hundred thousands digit of 5006839?
0
What is the thousands digit of 6511761?
1
What is the tens digit of 1137000?
0
What is the thousands digit of 82171?
2
What is the ten thousands digit of 320670?
2
What is the tens digit of 1387?
8
What is the thousands digit of 2822489?
2
What is the ten thousands digit of 199963?
9
What is the hundreds digit of 684649?
6
What is the tens digit of 31540?
4
What is the units digit of 917796?
6
What is the hundreds digit of 7020693?
6
What is the hundred thousands digit of 339901?
3
What is the tens digit of 7702427?
2
What is the thousands digit of 1683441?
3
What is the thousands digit of 883405?
3
What is the hundreds digit of 416391?
3
What is the ten thousands digit of 390588?
9
What is the thousands digit of 3155078?
5
What is the hundreds digit of 2358420?
4
What is the thousands digit of 152204?
2
What is the hundreds digit of 222911?
9
What is the thousands digit of 1566894?
6
What is the units digit of 121967?
7
What is the tens digit of 1150786?
8
What is the hundred thousands digit of 3770003?
7
What is the tens digit of 1516346?
4
What is the ten millions digit of 19280925?
1
What is the units digit of 616669?
9
What is the thousands digit of 130808?
0
What is the ten thousands digit of 3730050?
3
What is the ten thousands digit of 5056558?
5
What is the hundreds digit of 27617?
6
What is the tens digit of 1377513?
1
What is the ten millions digit of 13776887?
1
What is the thousands digit of 1010892?
0
What is the hundred thousands digit of 3578682?
5
What is the ten thousands digit of 368609?
6
What is the millions digit of 3388299?
3
What is the units digit of 250118?
8
What is the thousands digit of 534130?
4
What is the hundreds digit of 3582111?
1
What is the units digit of 2689680?
0
What is the millions digit of 1002525?
1
What is the thousands digit of 2440372?
0
What is the thousands digit of 14081364?
1
What is the hundreds digit of 39392?
3
What is the units digit of 2138348?
8
What is the tens digit of 8634770?
7
What is the ten thousands digit of 9682244?
8
What is the ten thousands digit of 757718?
5
What is the thousands digit of 798411?
8
What is the millions digit of 16602309?
6
What is the thousands digit of 1432322?
2
What is the hundred thousands digit of 1221976?
2
What is the hundred thousands digit of 11942223?
9
What is the units digit of 52299?
9
What is the thousands digit of 102759?
2
What is the units digit of 724487?
7
What is the thousands digit of 104164?
4
What is the thousands digit of 14612?
4
What is the hundred thousands digit of 302650?
3
What is the units digit of 919736?
6
What is the tens digit of 577367?
6
What is the hundred thousands digit of 6418242?
4
What is the units digit of 183779?
9
What is the units digit of 221504?
4
What is the hundred thousands digit of 14480198?
4
What is the units digit of 229315?
5
What is the hundreds digit of 34371828?
8
What is the millions digit of 1000303?
1
What is the millions digit of 2683864?
2
What is the ten thousands digit of 2211280?
1
What is the hundred thousands digit of 129374?
1
What is the thousands digit of 1343643?
3
What is the hundreds digit of 2593371?
3
What is the ten thousands digit of 108664?
0
What is the ten thousands digit of 71280?
7
What is the millions digit of 2377875?
2
What is the units digit of 134841?
1
What is the units digit of 90328?
8
What is the hundred thousands digit of 865746?
8
What is the hundreds digit of 1436023?
0
What is the ten thousands digit of 314852?
1
What is the thousands digit of 189563?
9
What is the thousands digit of 5106007?
6
What is the ten millions digit of 11626661?
1
What is the ten millions digit of 31912593?
3
What is the hundred thousands digit of 2497587?
4
What is the thousands digit of 15761?
5
What is the hundreds digit of 821277?
2
What is the ten thousands digit of 736238?
3
What is the thousands digit of 125885?
5
What is the hundreds digit of 172389?
3
What is the thousands digit of 5734532?
4
What is the hundreds digit of 27936014?
0
What is the hundred thousands digit of 460295?
4
What is the millions digit of 3179902?
3
What is the hundreds digit of 5039380?
3
What is the hundreds digit of 497844?
8
What is the hundreds digit of 523437?
4
What is the hundreds digit of 1932?
9
What is the hundreds digit of 191771?
7
What is the ten thousands digit of 3273406?
7
What is the hundreds digit of 196128?
1
What is the ten thousands digit of 965039?
6
What is the thousands digit of 230850?
0
What is the hundreds digit of 2164808?
8
What is the ten thousands digit of 66225?
6
What is the thousands digit of 121187?
1
What is the ten millions digit of 12529296?
1
What is the ten thousands digit of 17291182?
9
What is the hundreds digit of 11339426?
4
What is the tens digit of 612464?
6
What is the hundred thousands digit of 3751561?
7
What is the hundreds digit of 15052?
0
What is the ten thousands digit of 532489?
3
What is the units digit of 730561?
1
What is the hundreds digit of 17291282?
2
What is the hundreds digit of 766482?
4
What is the hundreds digit of 34445?
4
What is the thousands digit of 45756?
5
What is the hundreds digit of 6685840?
8
What is the ten thousands digit of 1071423?
7
What is the thousands digit of 263540?
3
What is the tens digit of 14596295?
9
What is the units digit of 1423695?
5
What is the hundred thousands digit of 246699?
2
What is the tens digit of 266334?
3
What is the tens digit of 146550?
5
What is the units digit of 293573?
3
What is the thousands digit of 2001129?
1
What is the tens digit of 7508942?
4
What is the units digit of 4233313?
3
What is the ten thousands digit of 1014841?
1
What is the units digit of 1047212?
2
What is the thousands digit of 5247324?
7
What is the thousands digit of 3261119?
1
What is the hundreds digit of 30836774?
7
What is the units digit of 3989327?
7
What is the tens digit of 413224?
2
What is the ten thousands digit of 161735?
6
What is the ten thousands digit of 73296?
7
What is the hundreds digit of 973340?
3
What is the ten thousands digit of 798255?
9
What is the tens digit of 385069?
6
What is the hundreds digit of 1366781?
7
What is the hundred thousands digit of 11016546?
0
What is the hundred thousands digit of 150808?
1
What is the ten thousands digit of 1523382?
2
What is the hundreds digit of 3225636?
6
What is the tens digit of 1588554?
5
What is the thousands digit of 3158453?
8
What is the ten thousands digit of 1030841?
3
What is the millions digit of 1666550?
1
What is the ten thousands digit of 244886?
4
What is the ten thousands digit of 21605376?
0
What is the ten thousands digit of 226394?
2
What is the hundred thousands digit of 3806312?
8
What is the hundreds digit of 314440?
4
What is the thousands digit of 655592?
5
What is the hundred thousands digit of 29293810?
2
What is the tens digit of 1551259?
5
What is the ten thousands digit of 880083?
8
What is the ten thousands digit of 681754?
8
What is the hundreds digit of 2797162?
1
What is the thousands digit of 7767547?
7
What is the hundreds digit of 2663536?
5
What is the hundreds digit of 6158947?
9
What is the millions digit of 6637676?
6
What is the thousands digit of 304288?
4
What is the tens digit of 8810970?
7
What is the thousands digit of 13417166?
7
What is the tens digit of 359322?
2
What is the hundreds digit of 19987754?
7
What is the ten thousands digit of 122666?
2
What is the hundreds digit of 6589647?
6
What is the tens digit of 428581?
8
What is the hundred thousands digit of 8378570?
3
What is the thousands digit of 882169?
2
What is the ten millions digit of 14824126?
1
What is the hundred thousands digit of 4316330?
3
What is the units digit of 370598?
8
What is the t